{"id":5456,"date":"2023-11-14T09:37:38","date_gmt":"2023-11-14T08:37:38","guid":{"rendered":"https:\/\/event-explore.com\/?post_type=product&#038;p=5456"},"modified":"2023-11-14T10:12:45","modified_gmt":"2023-11-14T09:12:45","slug":"trois-jours-entiers","status":"publish","type":"product","link":"https:\/\/event-explore.com\/index.php\/produit\/trois-jours-entiers\/","title":{"rendered":"Trois jours entiers"},"content":{"rendered":"<p>Le mercredi 27 + le jeudi 28 + le vendredi 29 septembre 2023 <em><span style=\"font-size: 8pt;\">(hors work-shops digitaux)<\/span><\/em><\/p>\n","protected":false},"excerpt":{"rendered":"<p>Le mercredi 27 + le jeudi 28 + le vendredi 29 septembre 2023 (hors work-shops digitaux)<\/p>\n","protected":false},"featured_media":5458,"template":"","meta":{"_eb_attr":""},"product_cat":[46],"product_tag":[],"class_list":{"0":"post-5456","1":"product","2":"type-product","3":"status-publish","4":"has-post-thumbnail","6":"product_cat-replays-2023","8":"first","9":"instock","10":"virtual","11":"purchasable","12":"product-type-simple"},"yoast_head":"<!-- This site is optimized with the Yoast SEO plugin v23.6 - https:\/\/yoast.com\/wordpress\/plugins\/seo\/ -->\n<title>Trois jours entiers - EXPLOR.E<\/title>\n<meta name=\"description\" content=\"Commandez le Replay Explor.e 2023 &quot;Trois jours entiers&quot; (le mercredi 27, le jeudi 28 et le vendredi 29 septembre 2023) et revivez le colloque en vid\u00e9o !\" \/>\n<meta name=\"robots\" content=\"index, follow, max-snippet:-1, max-image-preview:large, max-video-preview:-1\" \/>\n<link rel=\"canonical\" href=\"https:\/\/event-explore.com\/index.php\/produit\/trois-jours-entiers\/\" \/>\n<meta property=\"og:locale\" content=\"fr_FR\" \/>\n<meta property=\"og:type\" content=\"article\" \/>\n<meta property=\"og:title\" content=\"Trois jours entiers - EXPLOR.E\" \/>\n<meta property=\"og:description\" content=\"Commandez le Replay Explor.e 2023 &quot;Trois jours entiers&quot; (le mercredi 27, le jeudi 28 et le vendredi 29 septembre 2023) et revivez le colloque en vid\u00e9o !\" \/>\n<meta property=\"og:url\" content=\"https:\/\/event-explore.com\/index.php\/produit\/trois-jours-entiers\/\" \/>\n<meta property=\"og:site_name\" content=\"EXPLOR.E\" \/>\n<meta property=\"article:modified_time\" content=\"2023-11-14T09:12:45+00:00\" \/>\n<meta property=\"og:image\" content=\"https:\/\/event-explore.com\/wp-content\/uploads\/2023\/11\/TETE-EXPLORE-v2.0.png\" \/>\n\t<meta property=\"og:image:width\" content=\"1916\" \/>\n\t<meta property=\"og:image:height\" content=\"1811\" \/>\n\t<meta property=\"og:image:type\" content=\"image\/png\" \/>\n<meta name=\"twitter:card\" content=\"summary_large_image\" \/>\n<meta name=\"twitter:label1\" content=\"Dur\u00e9e de lecture estim\u00e9e\" \/>\n\t<meta name=\"twitter:data1\" content=\"1 minute\" \/>\n<script type=\"application\/ld+json\" class=\"yoast-schema-graph\">{\"@context\":\"https:\/\/schema.org\",\"@graph\":[{\"@type\":\"WebPage\",\"@id\":\"https:\/\/event-explore.com\/index.php\/produit\/trois-jours-entiers\/\",\"url\":\"https:\/\/event-explore.com\/index.php\/produit\/trois-jours-entiers\/\",\"name\":\"Trois jours entiers - EXPLOR.E\",\"isPartOf\":{\"@id\":\"https:\/\/event-explore.com\/#website\"},\"primaryImageOfPage\":{\"@id\":\"https:\/\/event-explore.com\/index.php\/produit\/trois-jours-entiers\/#primaryimage\"},\"image\":{\"@id\":\"https:\/\/event-explore.com\/index.php\/produit\/trois-jours-entiers\/#primaryimage\"},\"thumbnailUrl\":\"https:\/\/i0.wp.com\/event-explore.com\/wp-content\/uploads\/2023\/11\/TETE-EXPLORE-v2.0.png?fit=1916%2C1811&ssl=1\",\"datePublished\":\"2023-11-14T08:37:38+00:00\",\"dateModified\":\"2023-11-14T09:12:45+00:00\",\"description\":\"Commandez le Replay Explor.e 2023 \\\"Trois jours entiers\\\" (le mercredi 27, le jeudi 28 et le vendredi 29 septembre 2023) et revivez le colloque en vid\u00e9o !\",\"breadcrumb\":{\"@id\":\"https:\/\/event-explore.com\/index.php\/produit\/trois-jours-entiers\/#breadcrumb\"},\"inLanguage\":\"fr-FR\",\"potentialAction\":[{\"@type\":\"ReadAction\",\"target\":[\"https:\/\/event-explore.com\/index.php\/produit\/trois-jours-entiers\/\"]}]},{\"@type\":\"ImageObject\",\"inLanguage\":\"fr-FR\",\"@id\":\"https:\/\/event-explore.com\/index.php\/produit\/trois-jours-entiers\/#primaryimage\",\"url\":\"https:\/\/i0.wp.com\/event-explore.com\/wp-content\/uploads\/2023\/11\/TETE-EXPLORE-v2.0.png?fit=1916%2C1811&ssl=1\",\"contentUrl\":\"https:\/\/i0.wp.com\/event-explore.com\/wp-content\/uploads\/2023\/11\/TETE-EXPLORE-v2.0.png?fit=1916%2C1811&ssl=1\",\"width\":1916,\"height\":1811},{\"@type\":\"BreadcrumbList\",\"@id\":\"https:\/\/event-explore.com\/index.php\/produit\/trois-jours-entiers\/#breadcrumb\",\"itemListElement\":[{\"@type\":\"ListItem\",\"position\":1,\"name\":\"Accueil\",\"item\":\"https:\/\/event-explore.com\/\"},{\"@type\":\"ListItem\",\"position\":2,\"name\":\"Produits\",\"item\":\"https:\/\/event-explore.com\/index.php\/shop\/\"},{\"@type\":\"ListItem\",\"position\":3,\"name\":\"Trois jours entiers\"}]},{\"@type\":\"WebSite\",\"@id\":\"https:\/\/event-explore.com\/#website\",\"url\":\"https:\/\/event-explore.com\/\",\"name\":\"EXPLOR.E\",\"description\":\"Et si vous acceptiez l\u2019invitation des Instituts de la Parentalit\u00e9 \u00e0 participer, pendant trois jours, \u00e0 b\u00e2tir le monde d\u2019apr\u00e8s ?\",\"publisher\":{\"@id\":\"https:\/\/event-explore.com\/#organization\"},\"potentialAction\":[{\"@type\":\"SearchAction\",\"target\":{\"@type\":\"EntryPoint\",\"urlTemplate\":\"https:\/\/event-explore.com\/?s={search_term_string}\"},\"query-input\":{\"@type\":\"PropertyValueSpecification\",\"valueRequired\":true,\"valueName\":\"search_term_string\"}}],\"inLanguage\":\"fr-FR\"},{\"@type\":\"Organization\",\"@id\":\"https:\/\/event-explore.com\/#organization\",\"name\":\"EXPLOR.E\",\"url\":\"https:\/\/event-explore.com\/\",\"logo\":{\"@type\":\"ImageObject\",\"inLanguage\":\"fr-FR\",\"@id\":\"https:\/\/event-explore.com\/#\/schema\/logo\/image\/\",\"url\":\"https:\/\/i0.wp.com\/event-explore.com\/wp-content\/uploads\/2023\/07\/logo-explore-complet.png?fit=5389%2C1628&ssl=1\",\"contentUrl\":\"https:\/\/i0.wp.com\/event-explore.com\/wp-content\/uploads\/2023\/07\/logo-explore-complet.png?fit=5389%2C1628&ssl=1\",\"width\":5389,\"height\":1628,\"caption\":\"EXPLOR.E\"},\"image\":{\"@id\":\"https:\/\/event-explore.com\/#\/schema\/logo\/image\/\"}}]}<\/script>\n<!-- \/ Yoast SEO plugin. -->","yoast_head_json":{"title":"Trois jours entiers - EXPLOR.E","description":"Commandez le Replay Explor.e 2023 \"Trois jours entiers\" (le mercredi 27, le jeudi 28 et le vendredi 29 septembre 2023) et revivez le colloque en vid\u00e9o !","robots":{"index":"index","follow":"follow","max-snippet":"max-snippet:-1","max-image-preview":"max-image-preview:large","max-video-preview":"max-video-preview:-1"},"canonical":"https:\/\/event-explore.com\/index.php\/produit\/trois-jours-entiers\/","og_locale":"fr_FR","og_type":"article","og_title":"Trois jours entiers - EXPLOR.E","og_description":"Commandez le Replay Explor.e 2023 \"Trois jours entiers\" (le mercredi 27, le jeudi 28 et le vendredi 29 septembre 2023) et revivez le colloque en vid\u00e9o !","og_url":"https:\/\/event-explore.com\/index.php\/produit\/trois-jours-entiers\/","og_site_name":"EXPLOR.E","article_modified_time":"2023-11-14T09:12:45+00:00","og_image":[{"width":1916,"height":1811,"url":"https:\/\/event-explore.com\/wp-content\/uploads\/2023\/11\/TETE-EXPLORE-v2.0.png","type":"image\/png"}],"twitter_card":"summary_large_image","twitter_misc":{"Dur\u00e9e de lecture estim\u00e9e":"1 minute"},"schema":{"@context":"https:\/\/schema.org","@graph":[{"@type":"WebPage","@id":"https:\/\/event-explore.com\/index.php\/produit\/trois-jours-entiers\/","url":"https:\/\/event-explore.com\/index.php\/produit\/trois-jours-entiers\/","name":"Trois jours entiers - EXPLOR.E","isPartOf":{"@id":"https:\/\/event-explore.com\/#website"},"primaryImageOfPage":{"@id":"https:\/\/event-explore.com\/index.php\/produit\/trois-jours-entiers\/#primaryimage"},"image":{"@id":"https:\/\/event-explore.com\/index.php\/produit\/trois-jours-entiers\/#primaryimage"},"thumbnailUrl":"https:\/\/i0.wp.com\/event-explore.com\/wp-content\/uploads\/2023\/11\/TETE-EXPLORE-v2.0.png?fit=1916%2C1811&ssl=1","datePublished":"2023-11-14T08:37:38+00:00","dateModified":"2023-11-14T09:12:45+00:00","description":"Commandez le Replay Explor.e 2023 \"Trois jours entiers\" (le mercredi 27, le jeudi 28 et le vendredi 29 septembre 2023) et revivez le colloque en vid\u00e9o !","breadcrumb":{"@id":"https:\/\/event-explore.com\/index.php\/produit\/trois-jours-entiers\/#breadcrumb"},"inLanguage":"fr-FR","potentialAction":[{"@type":"ReadAction","target":["https:\/\/event-explore.com\/index.php\/produit\/trois-jours-entiers\/"]}]},{"@type":"ImageObject","inLanguage":"fr-FR","@id":"https:\/\/event-explore.com\/index.php\/produit\/trois-jours-entiers\/#primaryimage","url":"https:\/\/i0.wp.com\/event-explore.com\/wp-content\/uploads\/2023\/11\/TETE-EXPLORE-v2.0.png?fit=1916%2C1811&ssl=1","contentUrl":"https:\/\/i0.wp.com\/event-explore.com\/wp-content\/uploads\/2023\/11\/TETE-EXPLORE-v2.0.png?fit=1916%2C1811&ssl=1","width":1916,"height":1811},{"@type":"BreadcrumbList","@id":"https:\/\/event-explore.com\/index.php\/produit\/trois-jours-entiers\/#breadcrumb","itemListElement":[{"@type":"ListItem","position":1,"name":"Accueil","item":"https:\/\/event-explore.com\/"},{"@type":"ListItem","position":2,"name":"Produits","item":"https:\/\/event-explore.com\/index.php\/shop\/"},{"@type":"ListItem","position":3,"name":"Trois jours entiers"}]},{"@type":"WebSite","@id":"https:\/\/event-explore.com\/#website","url":"https:\/\/event-explore.com\/","name":"EXPLOR.E","description":"Et si vous acceptiez l\u2019invitation des Instituts de la Parentalit\u00e9 \u00e0 participer, pendant trois jours, \u00e0 b\u00e2tir le monde d\u2019apr\u00e8s ?","publisher":{"@id":"https:\/\/event-explore.com\/#organization"},"potentialAction":[{"@type":"SearchAction","target":{"@type":"EntryPoint","urlTemplate":"https:\/\/event-explore.com\/?s={search_term_string}"},"query-input":{"@type":"PropertyValueSpecification","valueRequired":true,"valueName":"search_term_string"}}],"inLanguage":"fr-FR"},{"@type":"Organization","@id":"https:\/\/event-explore.com\/#organization","name":"EXPLOR.E","url":"https:\/\/event-explore.com\/","logo":{"@type":"ImageObject","inLanguage":"fr-FR","@id":"https:\/\/event-explore.com\/#\/schema\/logo\/image\/","url":"https:\/\/i0.wp.com\/event-explore.com\/wp-content\/uploads\/2023\/07\/logo-explore-complet.png?fit=5389%2C1628&ssl=1","contentUrl":"https:\/\/i0.wp.com\/event-explore.com\/wp-content\/uploads\/2023\/07\/logo-explore-complet.png?fit=5389%2C1628&ssl=1","width":5389,"height":1628,"caption":"EXPLOR.E"},"image":{"@id":"https:\/\/event-explore.com\/#\/schema\/logo\/image\/"}}]}},"jetpack_sharing_enabled":true,"_links":{"self":[{"href":"https:\/\/event-explore.com\/index.php\/wp-json\/wp\/v2\/product\/5456","targetHints":{"allow":["GET"]}}],"collection":[{"href":"https:\/\/event-explore.com\/index.php\/wp-json\/wp\/v2\/product"}],"about":[{"href":"https:\/\/event-explore.com\/index.php\/wp-json\/wp\/v2\/types\/product"}],"wp:featuredmedia":[{"embeddable":true,"href":"https:\/\/event-explore.com\/index.php\/wp-json\/wp\/v2\/media\/5458"}],"wp:attachment":[{"href":"https:\/\/event-explore.com\/index.php\/wp-json\/wp\/v2\/media?parent=5456"}],"wp:term":[{"taxonomy":"product_cat","embeddable":true,"href":"https:\/\/event-explore.com\/index.php\/wp-json\/wp\/v2\/product_cat?post=5456"},{"taxonomy":"product_tag","embeddable":true,"href":"https:\/\/event-explore.com\/index.php\/wp-json\/wp\/v2\/product_tag?post=5456"}],"curies":[{"name":"wp","href":"https:\/\/api.w.org\/{rel}","templated":true}]}}